39 a composite number?
False
Is 51631 prime?
True
Is 51761 composite?
True
Is 967 a prime number?
True
Is 1297151 composite?
True
Is 215651 composite?
True
Is 5227 prime?
True
Is 7817 composite?
False
Is 873281 composite?
True
Is 299401 a prime number?
True
Is 23151 a composite number?
True
Is 179233 composite?
False
Is 8263 composite?
False
Is 9211 a composite number?
True
Is 271493 a prime number?
False
Is 18737 a prime number?
False
Is 276421 composite?
True
Is 22577 composite?
True
Is 9229 prime?
False
Is 15787 composite?
False
Is 351827 prime?
False
Is 3991 a composite number?
True
Is 4283 prime?
True
Is 2491 prime?
False
Is 2099 a prime number?
True
Is 63811 composite?
True
Is 222493 a prime number?
True
Is 19226 a prime number?
False
Is 37799 a composite number?
False
Is 271059 composite?
True
Is 56099 prime?
True
Is 10357 a composite number?
False
Is 489109 a composite number?
False
Is 26207 a prime number?
False
Is 323623 a prime number?
True
Is 8999 prime?
True
Is 30211 prime?
True
Is 755389 prime?
False
Is 383593 a composite number?
True
Is 85039 a composite number?
True
Is 955303 composite?
True
Is 412717 prime?
True
Is 10369 composite?
False
Is 3313 a prime number?
True
Is 42989 a prime number?
True
Is 2099 prime?
True
Is 94469 a composite number?
True
Is 59879 composite?
False
Is 877 composite?
False
Is 3389 a prime number?
True
Is 67006 prime?
False
Is 3188207 a composite number?
True
Is 5191 prime?
False
Is 503483 a prime number?
True
Is 58553 composite?
True
Is 551 prime?
False
Is 179629 prime?
False
Is 57989 a composite number?
True
Is 1722131 composite?
False
Is 245611 prime?
False
Is 200227 a prime number?
True
Is 52147 composite?
False
Is 15119 composite?
True
Is 6397 a prime number?
True
Is 285421 prime?
True
Is 2479 a prime number?
False
Is 17567 a composite number?
True
Is 3039 a composite number?
True
Is 26093 prime?
False
Is 3877 a composite number?
False
Is 278671 a composite number?
False
Is 2545 a prime number?
False
Is 642011 a composite number?
False
Is 769309 composite?
False
Is 1963603 a composite number?
True
Is 345041 composite?
False
Is 1234 prime?
False
Is 20593 a prime number?
True
Is 98738 a composite number?
True
Is 10243 prime?
True
Is 124633 a composite number?
False
Is 611051 a prime number?
False
Is 808111 a composite number?
False
Is 34199 a composite number?
True
Is 108809 a prime number?
False
Is 34379 a composite number?
True
Is 5569 a composite number?
False
Is 56517 prime?
False
Is 323 prime?
False
Is 700277 a composite number?
False
Is 8527 a composite number?
False
Is 62459 composite?
False
Is 285301 prime?
True
Is 111131 composite?
True
Is 1357 composite?
True
Is 2437 composite?
False
Is 1623 a composite number?
True
Is 17903 a prime number?
True
Is 457661 prime?
True
Is 291269 composite?
True
Is 712882 prime?
False
Is 6589 a composite number?
True
Is 428977 a composite number?
False
Is 18949 a composite number?
True
Is 250867 composite?
False
Is 16043 prime?
False
Is 752681 a prime number?
True
Is 9109 a prime number?
True
Is 625279 composite?
False
Is 17897 a composite number?
True
Is 27611 a composite number?
False
Is 409 a composite number?
False
Is 25481 composite?
True
Is 1181 prime?
True
Is 6197 prime?
True
Is 20231 composite?
False
Is 1373 a prime number?
True
Is 9661 prime?
True
Is 7291 prime?
False
Is 9753 composite?
True
Is 18427 prime?
True
Is 1929893 a composite number?
True
Is 623057 a composite number?
False
Is 10589 prime?
True
Is 7069 prime?
True
Is 25997 a prime number?
True
Is 5581 a prime number?
True
Is 188869 composite?
False
Is 1706591 prime?
True
Is 685511 prime?
True
Is 144817 a composite number?
False
Is 677107 prime?
True
Is 1471631 a composite number?
True
Is 2317799 prime?
False
Is 223667 a composite number?
False
Is 2411 a prime number?
True
Is 55763 a composite number?
False
Is 8765 composite?
True
Is 1467833 prime?
False
Is 2681103 a composite number?
True
Is 3791 a prime number?
False
Is 213713 a prime number?
True
Is 4702 composite?
True
Is 210347 prime?
True
Is 63061 a composite number?
True
Is 34367 a composite number?
False
Is 115589 a composite number?
False
Is 163193 prime?
True
Is 335039 a composite number?
True
Is 211 prime?
True
Is 9109 composite?
False
Is 260441 composite?
False
Is 330059 a prime number?
False
Is 4327 prime?
True
Is 27211 prime?
True
Is 33107 a composite number?
False
Is 41577 a prime number?
False
Is 1748339 a composite number?
False
Is 205297 a composite number?
False
Is 8615 prime?
False
Is 31441 prime?
False
Is 4907 composite?
True
Is 608305 composite?
True
Is 4481 composite?
False
Is 329941 a prime number?
True
Is 9897 a composite number?
True
Is 95567 a prime number?
False
Is 7607 a composite number?
False
Is 7499 prime?
True
Is 10937 composite?
False
Is 266549 a composite number?
False
Is 81713 prime?
False
Is 232391 prime?
True
Is 382 prime?
False
Is 23969 a composite number?
True
Is 167711 prime?
True
Is 17011 prime?
True
Is 1117 a prime number?
True
Is 70865 a prime number?
False
Is 53569 a prime number?
True
Is 195881 a composite number?
True
Is 12053 a prime number?
False
Is 8143 a prime number?
False
Is 220009 a composite number?
False
Is 9753 a prime number?
False
Is 1012369 a prime number?
True
Is 870647 a composite number?
True
Is 44093 composite?
True
Is 946123 composite?
False
Is 37514 composite?
True
Is 11197 composite?
False
Is 7795 a composite number?
True
Is 141239 composite?
True
Is 227627 a composite number?
False
Is 8143 composite?
True
Is 32081 prime?
False
Is 132721 a composite number?
False
Is 55403 composite?
True
Is 60185 prime?
False
Is 73001 a prime number?
False
Is 566309 composite?
True
Is 5599 prime?
False
Is 43039 prime?
False
Is 16183 a composite number?
False
Is 45943 composite?
False
Is 3985 composite?
True
Is 18923 a prime number?
False
Is 1613971 prime?
False
Is 116569 a composite number?
True
Is 15829 composite?
True
Is 63241 a prime number?
True
Is 26941 prime?
False
Is 55963 composite?
True
Is 3126991 composite?
True
Is 536483 a composite number?
True
Is 402893 prime?
False
Is 3697 a composite number?
False
Is 11027 a composite number?
False
Is 10645 prime?
False
Is 37781 composite?
False
Is 2380751 composite?
False
Is 44417 composite?
False
Is 1979941 prime?
True
Is 838697 prime?
False
Is 276767 composite?
False
Is 453527 composite?
False
Is 26023 prime?
False
Is 10729 a prime number?
True
Is 240815 a composite number?
True
Is 9719 a prime number?
True
Is 459593 prime?
True
Is 34019 composite?
False
Is 403349 a composite number?
True
Is 2634551 a prime number?
True
Is 9623 composite?
False
Is 8899 a composite number?
True
Is 477193 a composite number?
True
Is 897433 prime?
True
Is 491035 prime?
False
Is 899791 a prime number?
True
Is 51713 composite?
False
Is 44951 a composite number?
True
Is 1633837 a prime number?
True
Is 4871 composite?
False
Is 168143 prime?
True
Is 44857 a composite number?
True
Is 36353 prime?
True
Is 318671 a composite number?
False
Is 93371 prime?
True
Is 103771 prime?
False
Is 68993 a prime number?
True
Is 40123 a prime number?
True
Is 37049 prime?
True
Is 468631 a composite number?
True
Is 664757 prime?
True
Is 195101 composite?
True
Is 1041421 composite?
False
Is 198629 a prime number?
False
Is 38543 a prime number?
True
Is 5399 a prime number?
True
Is 55951 a prime number?
False
Is 2321 a prime number?
False
Is 477149 a composite number?
False
Is 580213 a composite number?
False
Is 129377 prime?
False
Is 1115 composite?
True
Is 530969 a composite number?
False
Is 20573 a composite number?
True
Is 41042 composite?
True
Is 136481 prime?
True
Is 10771 composite?
False
Is 37085 composite?
True
Is 43311 a composite number?
True
Is 4201 composite?
False
Is 7431 composite?
True
Is 70427 prime?
False
Is 2149 a prime number?
False
Is 419 a prime number?
True
Is 60647 a prime number?
True
Is 583 a prime number?
False
Is 175391 a composite number?
False
Is 122527 prime?
True
Is 341 a composite number?
True
Is 397 a prime number?
True
Is 137771 a composite number?
False
Is 112939 a composite number?
False
Is 55966 a composite number?
True
Is 318821 composite?
True
Is 108751 a composite number?
False
Is 45379 a composite number?
True
Is 1060366 a composite number?
Tru